 - h**3/6 - 51*h**2. Let j(p) = -3*p**3 - 77*p**2 + 23*p - 77. Let y be j(-26). Give n(y).
19
Let o(g) be the first derivative of 19*g**3/3 + g**2/2 - 7*g + 3469. Give o(3).
167
Suppose 3*b - b + 28 = 4*o, o + b - 4 = 0. Let l(m) = 4*m - m**2 + 5*m - 4 + 4*m**2 - o*m. Let v be -2*(3 - (-68)/(-24))*9. What is l(v)?
14
Suppose 2*i + 81 = 5*i + 4*m, -m = 2*i - 49. Let q = 25 - i. Let o(j) = -22*j**3 - q*j**2 + 3 + 43*j**3 - j - 22*j**3. What is o(-3)?
15
Let n(u) = u**3 + 2*u**2 - 3*u - 1. Let x(j) be the second derivative of -j**5/10 - 5*j**4/6 - j**3/3 - 6*j**2 + j + 8. Let h be x(-5). Determine n(h).
5
Let q be 4 + 1 + 0 - 0/(27 + -11). Let o(c) = 3*c**2 - 15*c - 7. Determine o(q).
-7
Let f(w) be the third derivative of -w**6/120 + 7*w**5/60 - w**4/2 + 47*w**3/6 - 285*w**2. Give f(6).
11
Let d be (-3)/(-2)*10/3. Let g(p) be the second derivative of -1/2*p**3 - 4*p + 17 + 3/2*p**2. Calculate g(d).
-12
Let w(n) = n**2 - 4*n - 1. Let a(l) = -l**3 - 8*l**2 - 6*l + 8. Let p be a(-7). Let b be p/(-4 - (-695)/175). Let c = b - -37. Determine w(c).
-5
Let t(c) = c - 3. Let n = -1668 + 1676. Determine t(n).
5
Let g(x) = -11 + 2*x**2 - 83*x + 58*x + 43*x. Let h be 1/(-2) - (85/(-2))/(-5). Determine g(h).
-11
Let g = 262 + -951. Let x = g - -696. Let m(p) = -p**2 + 7*p + 3. What is m(x)?
3
Suppose -4*z - 56 = -5*g - 0*z, -5*z = 2*g + 4. Let m(j) = -6*j**2 + 4 + 4 + 0 - g*j + j**3 + 0. Let x be 3950/550 + (-2 - (-40)/22). Calculate m(x).
1
Let k(c) = -c**3 + c**2 + 15*c - 35. Let v be k(3). Let z be 3/((-12)/v + -2). Let r(m) = 7*m + 41. Calculate r(z).
-1
Suppose 0 = 2*z + 3*z - 5. Let x(h) = -30*h**2 - 6*h + 7. Let g(y) = 63*y**2 + 14*y - 16. Let m(i) = 3*g(i) + 7*x(i). What is m(z)?
-20
Let j be (27/4)/((45/(-50))/((-288)/240)). Let h(d) = d**2 - 11*d + 18. Determine h(j).
0
Let z(u) be the third derivative of u**4/3 - 7*u**3 - 195*u**2. Calculate z(7).
14
Let m be (4 - -42) + (31 - 36). Let l(v) = -7*v + 293. What is l(m)?
6
Let s be (-1 - -4802) + -3 + 6. Suppose -5*r + r = -s. Let i(x) = -1201*x - x**3 + 7*x**2 - 7 + r*x. Determine i(7).
-7
Let t(a) be the first derivative of -12*a - 1/2*a**2 + 6. Give t(-12).
0
Let i(f) = -9*f - 8. Let n be i(-2). Let b(q) = -q**2 + 4*q + 24. Let t(z) = z**2 - 5*z - 20. Let s(v) = -6*b(v) - 7*t(v). What is s(n)?
6
Let i(f) = 3*f**3 - f**2 - f + 1. Let c(h) = 2*h**2 + h + 14. Let b be c(-6). Let v = b - 47. Let m = v + -32. Calculate i(m).
2
Let x(d) = -d + 1. Let r(k) = k**2 - 10*k + 19. Let v be r(8). Let n be 2*((-2)/4)/1. Let j(y) = -9*y + 5. Let o(q) = n*j(q) + v*x(q). Calculate o(-4).
-26
Let t(o) = 10*o - 378. Let n(h) = 2*h - 101. Let y(b) = -11*n(b) + 3*t(b). Determine y(6).
25
Let w(r) = 144*r + 217. Let m be w(-5). Let q = 501 + m. Let l(y) = y + 1. Calculate l(q).
-1
Let t(u) be the third derivative of 2*u**2 - 5/6*u**3 + 1/30*u**5 - 35 + 0*u - 1/6*u**4. Give t(4).
11
Suppose -4*h = -b - 2376, 3*b = -3*h + 5*h - 1178. Let f be h/55 - (-4)/22. Let c(l) = -2*l + 15. Give c(f).
-7
Let c(j) = j**2 - 7*j + 6. Let t = 390 - 204. Let f = t + -180. Determine c(f).
0
Let n(r) = 75*r**2 - 167762 + 5*r - 167761 + 335519. Calculate n(1).
76
Let p(d) = 3*d + 11. Let a(v) = -v - 2. Let r be 9*-1*5/(-45). Let l(t) = r*p(t) - a(t). Give l(-5).
-7
Let p = 15429/4 - 3857. Let w(x) be the first derivative of -p*x**4 + x**2 + x**3 - 2*x - 13. Calculate w(3).
4
Let t(z) = -3*z + 62. Let b be t(20). Let i(w) = w**3 + 2*w**2 + 881 - 862 - b*w**2. Give i(0).
19
Let t be 1*-14 + (117 - 116). Let w(i) = -i**3 - 13*i**2 + 13. Determine w(t).
13
Let h(k) = k**2 + 14*k - 1. Let x be h(-12). Let y = x - -46. Suppose 0 = 4*f - 11*f - y. Let z(j) = -j**2 - 3*j + 2. Determine z(f).
2
Let z(i) be the second derivative of -1/2*i**2 - 5/6*i**3 - 37*i + 0. What is z(-2)?
9
Suppose -61 = 7*d - 12. Let f(j) = -j**3 - 6*j**2 + 7*j - 9. Let g be f(d). Let s = g - -10. Let k(c) = -11*c + 1. Calculate k(s).
-10
Let g be (-973)/(-13) + (26/169 - 0). Let z(v) = -g*v + 5 + 74*v + 0 - 4. What is z(-1)?
2
Let p(g) = -126*g - 377. Let m be p(-3). Let u(q) = -12*q**2 + q - 1. Calculate u(m).
-12
Let n(r) = -r**3 + 6*r**2 - r + 2. Let g(s) = 2*s**2 - s - 3. Let a be g(-2). Suppose c = a*c + 318. Let k = c - -59. Determine n(k).
-4
Suppose -2*t - 13 = -4*s - s, 3*t = s + 13. Let n(h) = -h + 2. Let y(l) = l + 8. Let p(c) = 2*n(c) - y(c). Determine p(t).
-22
Let f(l) = 2*l**2 + 1099*l - 1087*l - 8 - 1. Give f(0).
-9
Let l be ((-2)/(10/(-25)))/(-1). Let a = 0 - -2. Let z(g) = 20 - 3 - 8 - a*g - 3. Give z(l).
16
Let w(o) be the first derivative of -9*o**2/2 + 28*o - 1004. What is w(3)?
1
Let r(z) = z**2 - 15*z + 14. Suppose 5*h = 5, -4*h = -5*u - 6*h + 77. What is r(u)?
14
Suppose 3*s - 2*v - 52 = 0, 2*s + 4*v = s - 6. Suppose -3*g + 15 = 3*m, -5*m - s*g + 16*g + 53 = 0. Let u(f) = -f + 4. Calculate u(m).
-5
Let k(j) = -2*j**2 - 10*j + 2. Suppose 2*f + 35 = -5*f. Let g be k(f). Let m(r) = -g + r - 1 - 5 + 6. Give m(-4).
-6
Let n(x) = x**2 + 16*x - 4. Let h(v) = v**2 + 14*v - 5. Let c(b) = 4*h(b) - 3*n(b). Let u be ((-24)/(-30))/((-6)/(-45)*-1). What is c(u)?
-20
Suppose -16*s + 6*s + 1920 = 50*s. Let k(p) = -3*p + 134. Give k(s).
38
Let y(q) be the third derivative of q**5/12 - q**4/3 - 3*q**3/2 - 1293*q**2. Calculate y(-1).
4
Let q(b) = -b**3 + 11*b**2 + 11*b + 8. Suppose -242*p + 120 = 230*p - 462*p. Give q(p).
-4
Let r(w) = -w**2 + 2*w - 2. Let k(y) be the first derivative of 4*y**2 + y - 14. Let a be k(-3). Let x(f) = -f**2 - 24*f - 20. Let d be x(a). What is r(d)?
-5
Suppose 2*w = -2*o - 3*w + 27, -4*o + 19 = 3*w. Let s(g) = -209*g - 2 + o + 206*g. Calculate s(5).
-16
Suppose 5*c - 32 = 244*i - 246*i, -2*c + 14 = 2*i. Let a(p) = -8 - p**2 - 5 + 2 + 6*p. Calculate a(c).
-11
Let a be (-2)/8 + (-7)/(-28). Let k(x) be the first derivative of -3 - 1/2*x**2 + 7*x. Determine k(a).
7
Let x(u) = 419*u + 725. Let t(d) = 173*d + 363. Let y(z) = -7*t(z) + 3*x(z). Give y(8).
2
Suppose 329 = -4*d - 7. Let w = d - -86. Let m(b) = 1 - 21*b + 35*b + w*b**2 - 4*b**3 - 16*b. Calculate m(1).
-3
Let x(t) = 25*t + 18. Let r(v) = 93*v - 1393. Let f be r(15). Give x(f).
68
Let r(v) = -2*v + 2. Suppose 0 = -54*a + 51*a + 30. Let l be (-25)/(-6) - a/(-12). Calculate r(l).
-8
Let p(k) be the third derivative of 1/60*k**5 + 0*k**3 + 26*k**2 + 0*k - 1/24*k**4 + 1/120*k**6 + 0. Determine p(0).
0
Suppose -37*t - 128 = 278 - 110. Let z(c) = -3*c - 14. Determine z(t).
10
Let t(z) = -36944*z**2 + 36946*z**2 + 15 - 7*z - 10*z. Give t(8).
7
Let p = -551 + 553. Let a(n) = -12*n + 17*n - 1 - 69*n**2 - 9 + 2*n**3 + 80*n**p. What is a(-5)?
-10
Let z(y) = 3*y - 28 + 12*y**2 + y**2 + 4*y + 0*y + 9*y - y**3. Let k be z(14). Let x(m) = -m**2 + 2*m - 11. Determine x(k).
-11
Let f(d) = d**3 - 2*d**2 + 2*d - 4. Let v = 6342 + -6340. Calculate f(v).
0
Let c(a) be the first derivative of 1/6*a**4 + 0*a + 4 + 1/120*a**5 + 0*a**2 + 6*a**3. Let t(j) be the third derivative of c(j). What is t(4)?
8
Let p(v) = -4*v. Let q(w) = -19*w + 19. Let t(i) = 5*p(i) - q(i). Let u(f) = 32*f - 267. Let z be u(8). Determine t(z).
-8
Let c = -180 - -183. Let b(s) = 0*s**3 + s + 14*s**2 + 0*s**2 - 10*s**2 - 8*s + s**c - 4. Calculate b(-5).
6
Let f(g) = -3*g**2 + 2*g. Let z(p) = -3*p**2 - 9*p + 14. Let k(n) = -2*f(n) + z(n). What is k(4)?
10
Let r(z) = 3*z**3 + z**2 - z - 1. Suppose -b - j = 2*j - 9, -2*b - j + 13 = 0. Suppose 10*i = 4*i - b. Give r(i).
-2
Let h = 409 - 165. Suppose -7*b = h - 279. Let v(k) = -k**3 + 3*k**2 + 6*k - 7. Calculate v(b).
-27
Let o(r) = 11*r**2 - 34*r - 5. Let d(y) = 3*y**2 - 11*y - 2. Let n(c) = 7*d(c) - 2*o(c). Calculate n(-7).
10
Let r(c) = c**3 - 15*c**2 + 10*c + 56. Suppose -y = 5*k - 68, -59*k + 55*k + 2*y + 60 = 0. Determine r(k).
0
Let o(n) be the third derivative of n**5/60 - 7*n**4/24 + n**3 - 2*n**2 + 596. Let s = -21 - -15. Let z = 0 - s. Determine o(z).
0
Let y(p) = 9*p - 27. Suppose -19 = -4*j - 3. Let t be y(j). Let c(d) = 0 + 6*d + 2 - 3*d**2 - t*d + 1. Calculate c(2).
-15
Let k(o) be the third derivative of o**6/120 + o**5/12 + 11*o**4/24 + 4*o**3/3 - 1051*o**2. Determine k(-2).
-2
Let i(d) = 20 - 69 + 118 - 2*d. Give i(29).
11
Let j(w) = -w**2 - 2539*w + 35*w**3 - 36*w**3 + 2544*w + 3. What is j(-5)?
78
Let y(l) = 2*l**2 + 2*l. Let s = 7453 - 7450. Determine y(s).
24
Let 